 7*v**2 + v + 1. Calculate i(5).
56
Let f(u) = -u**3 + 4*u**2 + 2*u - 5. Give f(4).
3
Let h(s) = 102*s + 1. What is h(1)?
103
Let j(z) = -2*z**2 + 3*z + 2. Calculate j(4).
-18
Let v(r) = -r**3 - 11*r**2 + 24*r - 1. Calculate v(-13).
25
Let q(y) = 5*y - 37. Give q(9).
8
Let w(g) = g**2 - 4*g + 4. What is w(4)?
4
Let s(i) = -i + 11. Calculate s(9).
2
Let v(u) = 5*u + 104. Give v(0).
104
Let d(s) = -2*s - 12. Determine d(-2).
-8
Let h(z) = 5*z + 10. What is h(-6)?
-20
Let v(t) = -3*t**3 + t**2 + t - 2. What is v(2)?
-20
Let g(m) = m**3 + 6*m**2 + 12*m + 14. Calculate g(-4).
-2
Let c(x) = -31*x - 229. Determine c(-7).
-12
Let y(z) = z**3 - 4*z**2 + 6*z + 1. Give y(2).
5
Let x(f) = -2*f**2 + 3*f + 7. Calculate x(-3).
-20
Let o(r) = 2*r**3 + 3*r**2 - 1. Calculate o(-3).
-28
Let c(v) = -v**2 - 10*v - 23. What is c(-5)?
2
Let o(z) = 2*z**2 - 6*z + 1. What is o(4)?
9
Let b(j) = -6*j**2 + 10*j + 2. What is b(-1)?
-14
Let z(x) = -7*x + 5. Determine z(8).
-51
Let k(z) = z**2 + 4*z + 4. What is k(-4)?
4
Let o(q) = 4*q**2 - 24*q + 7. What is o(7)?
35
Let m(t) = t**2 + 22*t + 10. Determine m(-20).
-30
Let w(t) = -17*t**3 + t**2 + t - 1. Determine w(1).
-16
Let w(i) = -18*i + 3. Give w(2).
-33
Let p(d) = d**3 - 6*d**2 - 7*d + 10. What is p(7)?
10
Let w(t) = 4*t**2 - 34*t - 34. Calculate w(9).
-16
Let k(w) = 5*w + 3. Calculate k(-5).
-22
Let p(w) = -2*w**2 + 10*w - 6. What is p(6)?
-18
Let x(o) = -2*o**2 + 5*o + 11. Determine x(3).
8
Let v(q) = -q + 46. Give v(-16).
62
Let p(b) = 13*b**2 + b + 2. Give p(-2).
52
Let p(m) = m**2 - 17*m - 16. Give p(17).
-16
Let n(t) = -2*t**3 - 2*t**2. What is n(-5)?
200
Let q(x) = x**3 + 14*x**2 - 4*x - 2. Give q(-14).
54
Let a(q) = 11*q**2 + 43*q - 12. Determine a(-5).
48
Let l(i) = 3*i + 17. Determine l(0).
17
Let r(f) = -4*f - 4. Calculate r(-12).
44
Let n(i) = -39*i - 111. Calculate n(-3).
6
Let o(j) = j**3 - 3*j**2 + j - 1. Calculate o(2).
-3
Let x(v) = 7*v - 219. Determine x(32).
5
Let v(u) = 6*u + 3. Give v(-6).
-33
Let l(m) = -19*m - 245. What is l(-14)?
21
Let n(b) = b**2 - 7*b - 41. Determine n(12).
19
Let b(d) = -5*d**3 + 3*d**2 - 1. Give b(-2).
51
Let y(t) = t**3 - 52*t**2 - 107*t - 48. Calculate y(54).
6
Let k(o) = -4*o**3 + 7*o**2 - 5*o - 4. Give k(4).
-168
Let q(p) = p**3 - 4*p**2 - 5*p. Give q(5).
0
Let i(s) = s**3 - s**2 - 5*s + 4. What is i(4)?
32
Let q(x) = -x**3 + 5*x + 5. What is q(-2)?
3
Let n(z) = -z**3 + 3*z**2 + 30*z - 1. What is n(7)?
13
Let j(g) = -4*g - 65. Calculate j(-9).
-29
Let x(l) = 30*l + 3. What is x(0)?
3
Let k(y) = -y + 2. Calculate k(1).
1
Let r(m) = -10*m**2 - 4*m - 2. Determine r(-2).
-34
Let u(j) = -11*j + 28. Calculate u(5).
-27
Let a(k) = 11*k + 8. Determine a(-1).
-3
Let s(g) = 2*g**2 - 45*g - 75. Determine s(24).
-3
Let a(v) = v**3 - 7*v**2 + 2*v - 5. Calculate a(7).
9
Let p(u) = -u**3 + 9*u**2 + 5*u + 17. What is p(9)?
62
Let z(m) = 4*m**3 - 3*m - 2. What is z(-2)?
-28
Let w(o) = 20*o - 101. Determine w(6).
19
Let k(m) = -4*m + 17. Give k(15).
-43
Let l(f) = f**2 + 6*f + 2. Calculate l(-6).
2
Let p(r) = -9*r + 47. Determine p(25).
-178
Let a(c) = -6*c**2 - 64*c - 3. What is a(-11)?
-25
Let a(g) = -g - 5. Give a(-5).
0
Let x(p) = 31*p - 489. What is x(16)?
7
Let v(o) = -o**2 - 9*o + 436. What is v(-26)?
-6
Let a(g) = 6*g - 70. What is a(7)?
-28
Let s(w) = -5*w**3 - 14*w**2 + 5*w + 5. Determine s(-3).
-1
Let l(b) = -b**2 - 10*b - 17. Calculate l(-4).
7
Let m(v) = -v**3 - 7*v**2 - 2*v + 2. What is m(-5)?
-38
Let h(k) = 80*k + 714. Calculate h(-9).
-6
Let j(i) = i**3 + 17*i**2 - 23*i. Calculate j(-18).
90
Let w(k) = k**3 + 13*k**2 + 12*k - 4. Give w(-12).
-4
Let n(v) = -v**3 - 5*v**2 - 6*v + 7. What is n(-5)?
37
Let c(b) = 6*b**3 + b**2 + b + 1. Determine c(-1).
-5
Let l(k) = k**3 + 2*k**2 + 2*k + 10. Give l(3).
61
Let s(n) = n - 50. Determine s(-3).
-53
Let u(b) = -b**2 - 8*b + 4. Give u(-6).
16
Let d(z) = 22*z + 176. Calculate d(-8).
0
Let n(w) = w**3 + 8*w**2 + 9*w + 6. What is n(-6)?
24
Let s(j) = 2*j**2 + 14*j + 6. Calculate s(-6).
-6
Let m(a) = 3*a**2 - 29*a + 48. Determine m(7).
-8
Let o(d) = d**2 + 12*d - 11. What is o(-7)?
-46
Let h(o) = 3*o + 79. Calculate h(-28).
-5
Let r(u) = -u - 12. What is r(-4)?
-8
Let x(d) = d**3 + 3*d**2 + 2*d + 1. Give x(-2).
1
Let z(n) = -4*n + 4. What is z(-9)?
40
Let n(v) = 2*v**3 + 21*v**2 + 11*v + 11. Determine n(-10).
1
Let r(a) = -a**2 + 15*a - 1. Give r(15).
-1
Let r(n) = 2*n - 4. What is r(9)?
14
Let r(d) = -d**2 - 3*d + 4. What is r(2)?
-6
Let p(q) = 9*q + 70. Calculate p(-7).
7
Let k(b) = 20*b + 38. Determine k(-3).
-22
Let d(o) = -o**2 - 7*o - 2. Determine d(-2).
8
Let m(j) = j - 2. Give m(5).
3
Let x(m) = -m**3 + m - 1. What is x(0)?
-1
Let w(f) = f**3 - 8*f**2 + 12*f + 2. Calculate w(5).
-13
Let k(d) = -32*d - 3. Calculate k(-3).
93
Let f(p) = p**2 + 13*p + 3. Give f(-9).
-33
Let d(m) = m**3 - 10*m**2 + 17*m - 7. Give d(7).
-35
Let p(d) = d**3 + 7*d**2 + 17*d + 55. What is p(-6)?
-11
Let k(v) = v**2 + 10*v + 7. What is k(-8)?
-9
Let p(t) = t - 1. Calculate p(6).
5
Let s(l) = -l**2 + 19*l + 54. Determine s(-3).
-12
Let a(y) = -32*y - 61. Calculate a(0).
-61
Let i(a) = -4*a + 2. Give i(10).
-38
Let x(g) = -g - 5. Give x(3).
-8
Let y(w) = -w**3 - 8*w**2 - 14*w + 7. Determine y(-5).
2
Let z(w) = w**3 + 4*w**2 - 8. Calculate z(-3).
1
Let t(j) = -15*j - 13. Determine t(3).
-58
Let l(j) = 68*j + 80. Determine l(-2).
-56
Let c(y) = -25*y - 228. Give c(-9).
-3
Let q(a) = 17*a - 2. Calculate q(2).
32
Let x(w) = -2*w + 4. Calculate x(-7).
18
Let o(d) = d**3 - 17*d**2 + 33*d - 10. Give o(15).
35
Let t(v) = -v**2 + 27*v - 23. Calculate t(26).
3
Let l(q) = -q**2 - 23*q - 108. Calculate l(-6).
-6
Let j(f) = 9*f - 16. Determine j(7).
47
Let j(w) = -w**2 - w - 19. Give j(0).
-19
Let o(p) = -5*p - 96. Calculate o(-18).
-6
Let d(b) = -23*b**3 + b**2 + 6*b - 9. Calculate d(2).
-177
Let r(p) = 2*p**2 - 67*p - 106. What is r(35)?
-1
Let z(v) = v**3 + 2*v**2 + 11*v + 37. Determine z(-3).
-5
Let p(l) = -25*l + 66. Give p(4).
-34
Let z(a) = -17*a - 1. Calculate z(-3).
50
Let c(q) = -2*q**2 - 25*q + 11. Calculate c(-13).
-2
Let u(f) = -57*f. Calculate u(-1).
57
Let f(l) = 55*l - 2694. Calculate f(49).
1
Let z(h) = 47*h**2 + h - 2. Give z(1).
46
Let i(z) = -z**2 + 2*z + 4. Give i(3).
1
Let u(t) = -t**3 - 11*t**2 - 42*t - 317. Calculate u(-10).
3
Let t(f) = -f**3 + 16*f**2 + 2*f + 35. Calculate t(16).
67
Let c(u) = 3*u**2 + 14*u - 10. Calculate c(-5).
-5
Let m(g) = g + 43. Determine m(-29).
14
Let j(z) = -z**3 - 6*z**2 - 2*z + 3. Give j(-6).
15
Let r(q) = 2*q + 13. Determine r(0).
13
Let h(w) = 4*w + 28. Determine h(-16).
-36
Let h(w) = w**2 - 32*w + 5. Determine h(32).
5
Let j(k) = k**3 + 7*k**2 - 15*k + 25. Give j(-9).
-2
Let b(d) = -2*d + 11. Give b(10).
-9
Let d(r) = r**3 + 5*r**2 + 2. Give d(-3).
20
Let y(u) = -2*u**3 + 2*u - 1. Calculate y(2).
-13
Let g(r) = -r**2 + 11*r - 6. What is g(4)?
22
Let o(a) = -5*a + 32. Calculate o(9).
-13
Let u(d) = d**3 + 8*d**2 - 8*d + 18. Determine u(-9).
9
Let z(p) = -p**2 + 7*p - 12. What is z(0)?
-12
Let u(y) = 13*y + 61. Give u(-4).
9
Let o(t) = -6*t + 30. Determine o(6).
-6
Let a(x) = 5*x**2 + 4*x + 2. Calculate a(-2).
14
Let o(y) = -y**3 - 11*y**2 + 4*y + 16. Determine o(-11).
-28
Let p(i) = 212*i**3 + i**2 - 3*i + 1. Determine p(1).
211
Let c(y) = -13*y - 6. Determine c(6).
-84
Let z(y) = 12*y + 6. Determine z(2).
30
Let d(c) = -c**3 + 6*c**2 - 4*c + 2. Give d(6).
-22
Let s(y) = y**3 + 10*y**2 + y + 9. Determine s(-10).
-1
Let i(a) = -a**3 - 6*a**2 + 10*a + 12. Give i(-7).
-9
Let y(s) = 16*s + 37. Give y(-5).
-43
Let x(u) = -u**3 + 4*u**2 - 8. Calculate x(4).
-8
Let h(v) = 11*v**2 + 1. What is h(2)?
45
Let z(n) = -10*n + 1. Determine z(3).
-29
Let h(v) = -61*v + 353. What is h(6)?
-13
Let f(w) = w**2 - 7*w. Give f(5).
-10
Let c(j) = 9*j - 6. Determine c(4).
30
Let c(d) = d + 20. Give c(-17).
3
Let i(q) = -6*q - 112. What is i(-37)?
110
Let v(u) = -2*u**3 + 2*u**2 + 3. What is v(-2)?
27
Let m(z) = 5*z - 42. Calculate m(9).
3
Let r(b) = 2*b**2 + 3*b. Calculate r(-4).
20
Let d(i) = -i**2 - 9*i + 47. Determine d(4).
-5
Let r(k) = k**3 - 3*k**2 - 4*k - 5. Give r(4).
-5
Let r(a) = a**3 + 7*a**2 - 9*a - 11. Determine r(-8).
-3
Let s(r) = 3*r**2 - 4*r - 2. Give s(2).
2
Let d(x) = x**3 + 10*x**2 + 4. Give d(-10).
4
Let m(b)